ors of k.
3, 17, 19
Suppose 0 = -2*g + 6, 2*g - 7*g - 1453 = -4*p. List the prime factors of p.
367
Let v be -1*1*(-1 + 1). Suppose v = -7*j + 9*j - 218. List the prime factors of j.
109
Suppose 0*p + 272 = -p. Let z = -124 - p. Suppose -y + 16 = 5*l, l + 58 = -3*y + z. List the prime factors of y.
31
Let r(v) be the second derivative of v**5/40 + 5*v**4/24 - 5*v**3/6 + 6*v. Let m(c) be the second derivative of r(c). List the prime factors of m(7).
2, 13
Suppose -10*m - 1258 = -3*v - 8*m, -4*v = -2*m - 1676. List the prime factors of v.
2, 11, 19
Suppose 4*j + 5*t = 10*t + 4496, j + t - 1124 = 0. List the prime factors of j.
2, 281
Let u = 64 + -24. Suppose m = 5*s - 0*m - 50, -u = -4*s + 4*m. Let q = 24 - s. What are the prime factors of q?
2, 7
Suppose -235*q = -236*q + 1806. List the prime factors of q.
2, 3, 7, 43
Let d(y) = -y - 16. Let k be d(-16). Let a be (k/4 - -4) + -4. Suppose a = -3*f + 78 + 3. What are the prime factors of f?
3
Suppose 957 = 2*u - 413. Suppose u + 83 = 6*j. What are the prime factors of j?
2
Let x be -5 + 0 + (-300)/(-1). Let z = 580 - x. What are the prime factors of z?
3, 5, 19
Let p(w) = w**2 - 4*w + 4. Let z be p(3). Let i(v) = v**2 - 7*v + 3. Let s be i(8). Suppose -k + z + s = 0. What are the prime factors of k?
2, 3
Let m = 16 - 20. Let l(c) = -c**2 + c - 1. Let i(q) = -10*q**2 - 5*q + 5. Let u(w) = m*l(w) - i(w). What are the prime factors of u(-2)?
53
Suppose -2109 + 12237 = 16*j. What are the prime factors of j?
3, 211
Let i(s) = s**3 - 4*s**2 + 2*s - 2. Let c be i(4). Let q(a) = 19*a - 2. Let v be q(c). Suppose v = 3*d + d. List the prime factors of d.
2, 7
Let q = 2 + 11. List the prime factors of -2 + 1 + -3 + q.
3
Suppose 3*w + 3*c = 6561, -w = -4*c + 9*c - 2207. What are the prime factors of w?
2, 1091
Let r(n) = -2*n**2 - 62*n - 21. List the prime factors of r(-15).
3, 17
Suppose 5*m = -x + 121, -x - 4*m + 63 + 63 = 0. Let v = -80 + x. Suppose 5*a + 5*r = 2*a + 154, -a + 2*r = -v. What are the prime factors of a?
2, 29
Suppose -31*u + 14808 = -7*u. What are the prime factors of u?
617
Let x = 1412 + -881. Suppose -8*n = n - x. List the prime factors of n.
59
Suppose 0 = -507*g + 505*g + 212. What are the prime factors of g?
2, 53
Let z(j) = -j**2 + 4*j + 10. Let h be z(5). Suppose -600 = h*k - 8*k. Suppose 4*l = 2*x - 136, -3*x - 3*l + 5*l = -k. What are the prime factors of x?
2, 3, 11
Suppose -2*q + 37 = -7. Suppose -q*p + 21*p = -60. What are the prime factors of p?
2, 3, 5
Suppose -j + 25 = 4*k + 7, 0 = 3*k - 12. Let h = j + -11. List the prime factors of (-213)/h - (-6)/(-9).
23
Suppose -15*c + 12*c + 5*a + 7027 = 0, 7043 = 3*c - a. What are the prime factors of c?
3, 29
Let k(q) be the second derivative of -q**5/20 - 3*q**4/4 - 5*q**3/3 - 5*q**2/2 + 6*q. List the prime factors of k(-8).
11
List the prime factors of -27*11/33 + 2783.
2, 19, 73
Let s = 398 + -236. List the prime factors of s.
2, 3
Let r(c) = 81*c**2 - 2*c - 3. Let o be r(4). What are the prime factors of 10/4*(o/25 - 7)?
3, 37
Let f = 25 + -3. Suppose -f = -2*a - 0*a + 4*h, -a - 4 = 3*h. Suppose -2*w + 34 = -3*x, 4*w - 2*w = a*x + 26. List the prime factors of w.
23
Let r = -6 + -27. Let t = r - -54. List the prime factors of t.
3, 7
Let f(w) = w**3 + 24*w**2 + 26*w - 33. What are the prime factors of f(-13)?
2, 3, 31
Suppose -3*i - 10*i = -3744. What are the prime factors of i?
2, 3
Let l = -621 - -773. List the prime factors of l.
2, 19
Let q(f) be the first derivative of -f**4/4 + 4*f**3/3 + 7*f**2/2 - 5*f + 5. Let j be q(5). Let x = 17 + j. What are the prime factors of x?
2, 11
Let r(f) = 37*f + 219. List the prime factors of r(30).
3, 443
Let m(z) be the third derivative of 0 - 1/2*z**3 + 6*z**2 + 0*z - 19/24*z**4. What are the prime factors of m(-2)?
5, 7
Let i = -581 + 887. What are the prime factors of i/(-4)*(-28)/42?
3, 17
Let s(b) = -b**3 - 5*b**2 + 4*b + 3. Let y be s(-4). Let h = -97 - -24. Let m = y - h. List the prime factors of m.
2, 11
Suppose 5*n + 0*n - 474 = -k, -5*n = -k + 464. What are the prime factors of k?
7, 67
Let g = 293 - 0. What are the prime factors of g?
293
Suppose 2*c = 5*d + 89, 0*d - 25 = 5*d. Let g = -30 + c. Suppose 3*f + 2*u = 50, 4*u + 22 = f + g*u. What are the prime factors of f?
2, 3
Let d be 0 + -3 + 9/3. Let f be 1 + 1 - (d - -2). Suppose z = -f*z + 34. What are the prime factors of z?
2, 17
Let o(z) = -z**3 - 10*z**2 + 11. Let c be (-2)/8 - 39/4. What are the prime factors of o(c)?
11
Let h(d) = -21*d + 13*d - 3*d + 31. List the prime factors of h(-15).
2, 7
Let r be 278*(-4 + 44/8). Suppose 4*l = -5*s + 591, -2*s + 7*s + r = 3*l. List the prime factors of l.
2, 3
Let b = 91 + -86. Suppose -2*p = b*v - 89, 87 = 4*p + 4*v - 97. What are the prime factors of p?
47
Suppose -8*i = -3832 - 3008. List the prime factors of i.
3, 5, 19
Suppose -198*n + 197*n = -3. List the prime factors of (-28)/7 + (n - -272).
271
Suppose -1397 = -3*y - 4*p, -p = 5*y - 4*p - 2338. List the prime factors of y.
467
Let i(d) = 419*d**2 + 6*d - 6. List the prime factors of i(1).
419
Let c = -16 - -36. Suppose 4*x - c = 0, 5*a - 5 = 2*x + 5. Suppose -r - 51 = -a*r. List the prime factors of r.
17
Suppose 0 = 3*d - 0 + 3. Let v be (3 - 1 - -6)/d. List the prime factors of -6*v/(-12) - -42.
2, 19
Suppose -3*l + 12 = 0, 0 = -2*g - 2*l + 20 - 4. Suppose 6 = -h - 4*y, -g*h - y + 2*y = -10. Suppose -h*u + 20 = -18. What are the prime factors of u?
19
List the prime factors of (-18 - -13)*704/(-5).
2, 11
Let r = 1081 + -765. What are the prime factors of 21/(-14)*r/(-2)?
3, 79
Let q(y) = 3*y + 17. What are the prime factors of q(23)?
2, 43
Suppose 0 = j + 2 + 4. Let x be (4/(-6))/(1/j). Suppose x*q + 2*y - 104 = -0*q, -5*q = -y - 130. What are the prime factors of q?
2, 13
Let q = -4 - -7. Let a be (2/q)/((-5)/(-15)). Suppose a*f = z - 2*z + 25, -z + 4 = -5*f. List the prime factors of z.
19
What are the prime factors of (6/9)/(8/588)?
7
Let f = 62 + -16. List the prime factors of f.
2, 23
Let b be -2*(-12)/8 - -68. Suppose -4*q + b - 7 = 0. What are the prime factors of q?
2
Suppose 8*q - 14868 = -5852. What are the prime factors of q?
7, 23
Let k(j) = 4*j + 2. Let p be k(-4). Let x(h) be the first derivative of h**2/2 + 29*h + 6. What are the prime factors of x(p)?
3, 5
Suppose 5*f + 5*f = 20. What are the prime factors of (-15)/10*-12*f/6?
2, 3
Let g(a) be the second derivative of -a**5/2 - a**4/12 + 2*a. Let i be g(-1). Suppose -2*b + i = -27. What are the prime factors of b?
2, 3
List the prime factors of (1188/264)/(2*2/2256).
2, 3, 47
Suppose -5796 = -d - 79*o + 81*o, -2*d + o + 11592 = 0. What are the prime factors of d?
2, 3, 7, 23
Suppose 0 = 5*m + 2*a + 891, 4*m - a + 0*a = -705. Let p = -62 - m. What are the prime factors of p?
5, 23
List the prime factors of (-346)/(102/36 - (1 - -2)).
2, 3, 173
Suppose k = 2*z + 5, -k - 3*z = -0 - 10. Let h(s) = 10*s - 7. Let n(v) = 11*v - 8. Let l(a) = k*h(a) - 6*n(a). What are the prime factors of l(1)?
3
Let w(z) = -8 - 42*z + 11 + 8 - 14*z. List the prime factors of w(-3).
179
Let c(s) be the second derivative of 8*s**3 - s**2 - s. List the prime factors of c(1).
2, 23
Let n(c) = 1335*c + 182. What are the prime factors of n(3)?
53, 79
What are the prime factors of -3 + (-2200)/((-1)/1)?
13
Let l(i) = -27*i**3 - 2*i - 1. Let b be l(-1). List the prime factors of (3 + b/(-8))*(-1200)/3.
2, 5
Let g be 352/(-6)*3*(-3)/3. Suppose -7*i + 3*i + g = -4*q, -5*i + 3*q = -214. What are the prime factors of i?
41
Suppose -26 = -4*f + 2. Let l(y) = -2*y + 6. Let q be l(f). What are the prime factors of 13 + 2 - q/4?
17
Let q(h) = 7*h**2 + 5*h + 5. Let d(c) = -c**2 - 1. Let t(v) = -3*d(v) - q(v). Let z be t(-3). Let i = z - -42. List the prime factors of i.
19
Suppose -3076 = -6*a + 3998. What are the prime factors of a?
3, 131
Let h be (2/8)/((-6)/24). Let n be (4 - h)*(3 + -2). Suppose -a + 125 = 4*a + n*b, 9 = a - 3*b. What are the prime factors of a?
3, 7
Suppose 3*k + 36 = 5*h, -12 - 18 = -4*h + 2*k. Suppose -h*i + 6*i = -297. What are the prime factors of i?
3, 11
List the prime factors of 1 - 89*(-507)/13.
2, 7, 31
Let w = 456 - 1554. Let a be w/(-90) - (-2)/(-10). Suppose a = 3*t - 2*t. What are the prime factors of t?
2, 3
Suppose -66 + 12 = -3*a. Suppose -2*y - 2 